3
Let p(f) = -f**2 - 3*f + 5. Let t be p(-4). Let n(i) = -3114*i**2 + 3114*i**2 - 4*i**3 + i. Determine n(t).
-3
Let u = -4473 - -4484. Let j(h) be the second derivative of u*h - 1/2*h**3 - h**2 + 0. Calculate j(3).
-11
Let d(f) = -13*f + 4. Let q(u) = -7*u + 5. Let m(x) = -d(x) + 2*q(x). Suppose 0 = 3*s - s - 22. Determine m(s).
-5
Let i(u) = -u - 2. Let w be i(-4). Let x(g) be the third derivative of g**5/15 - g**4/12 - 3079*g**2. Give x(w).
12
Let b(v) = 2*v**2 + v - 1. Let g(c) = -c**3 - 28*c**2 + 4*c + 56. Let f(l) = 2*b(l) - g(l). Let u be f(-32). Let t(w) = w - 7. Calculate t(u).
-1
Let q be 41*(-3)/24 - (-7 - 165/(-24)). Let p(s) = -9*s - 45. Calculate p(q).
0
Let t(a) be the third derivative of -a**6/120 - 3*a**5/20 - a**4/3 + a**3 + 28*a**2. Suppose 0 = -7*i + 6*i. Let o be 54/(-9) - (i - -2). What is t(o)?
6
Let o(x) be the first derivative of x**3/3 - 17*x**2/2 + 6*x - 535. Give o(9).
-66
Let m(w) be the second derivative of w**6/180 - w**5/60 + w**3/6 + 90*w**2 - 58*w - 2. Let i(n) be the second derivative of m(n). Let x = -5 - -2. What is i(x)?
24
Let p(n) = -n - 26. Let b be p(-28). Let q(r) = 7*r**b - 28 - r**3 + 52 - 6*r - 23. Give q(6).
1
Let t(d) = -1671*d - 13. Let r(h) = 3760*h + 28. Let i(q) = 4*r(q) + 9*t(q). Suppose f - 5*f = -12. Determine i(f).
-2
Let g(s) = -s**3 - 10*s**2 - 9*s - 11. Let o = -8402 - -8393. Calculate g(o).
-11
Let n(r) be the second derivative of r**4/12 - 5*r**3/6 + 2*r**2 - 980*r. What is n(4)?
0
Let u(o) = 5*o - 14. Let x(l) = 28 + 0 + 2*l - 13*l. Let w(h) = -13*u(h) - 6*x(h). Suppose 3*k + g = 4*g - 30, -4*k - 4*g = 8. What is w(k)?
8
Let c(m) = m**3 - 9*m**2 + 14*m - 18. Let o be ((-3)/(-4))/(127/1016). Determine c(o).
-42
Let j(g) be the third derivative of -5*g**4/8 + 17*g**3/2 + 4575*g**2. What is j(13)?
-144
Let t(j) = 5*j**2 - j + 1. Let v(w) = -6*w**2 + 21*w - 8. Let k(a) = 2*t(a) + v(a). Calculate k(-5).
-1
Let x be ((-12)/(-30))/(6/25)*3. Let o(a) be the first derivative of 5*a**2 - x*a**2 + a**2 - 2*a + 19 + a. Give o(1).
1
Let d(x) be the second derivative of -x**3/6 + 9*x**2/2 + 18*x - 36. Let i be (-1 - 0/(-1)) + 7. Suppose 2*s + w - i = -2*w, s - 3*w = -6. What is d(s)?
9
Let d(t) = -23*t - 6. Suppose 2*x = 5*z - 10, 4*z - 3*x - 21 = -4*x. Give d(z).
-98
Let d(p) = 13*p**2 - 2*p - 1. Let c(y) = 11*y**2 - 6*y + 1. Let x(a) = 2*a**2 - a. Let g(i) = -c(i) + 5*x(i). Let z be g(1). Determine d(z).
14
Let a be (-9 + (1 - -3))*(8 + -1). Let s be (-7)/(a/(-10))*4/8. Let z(l) = 17*l**2 + l. Determine z(s).
16
Suppose 11 = -0*n + 11*n. Let l(c) = 4 - 3 + 43*c**2 + 153*c - 153*c - 27*c**2. Determine l(n).
17
Let b = -4170 + 4174. Let h(d) = -3*d**2 + 8*d + 4. What is h(b)?
-12
Let n(r) = -23*r**2 - 15*r - 2. Let h(m) = 44*m**2 + 25*m + 4. Let a(q) = -4*h(q) - 7*n(q). Determine a(2).
-52
Let k(m) = -7*m + 32*m - 8*m - 85 + 4*m - 8*m. Give k(5).
-20
Let i(m) = 5*m**2 + 8*m + 7. Let w(f) = -3*f**2 - 3*f - 5. Let k(q) = 2*i(q) + 3*w(q). Calculate k(0).
-1
Let h be (-7)/(-4) + 147/588. Let p(q) = q**3 - 4*q**2 + 6. What is p(h)?
-2
Suppose 0 = 3*d - 5*d. Let b be -12*(-14)/21 + -3. Let y(r) = -3 - b + 18 - r**2. What is y(d)?
10
Let o(a) be the second derivative of a**5/20 + 3*a**4/4 + 5*a**3/3 + 4*a**2 - 315*a. Suppose 13 = 11*k + 90. Determine o(k).
36
Suppose 2*f - 3*h + 2 = 0, 5*f - 6*f + 2*h - 2 = 0. Let x(o) = -2 - o + 0*o - 1 + 2 - 2*o**f. Give x(-2).
-7
Suppose -186*f + 44*f - 710 = 0. Let s(v) = -2*v**2 - 10*v + 4. Give s(f).
4
Let a(d) = 5*d + 174. Let c be a(-34). Let s(p) be the third derivative of -p**5/60 + p**4/12 + p**3/2 - 5*p**2. Give s(c).
-5
Let j(n) = -10*n + 11*n - n**3 + n**2 - 7 + 2*n**3 + 1. Suppose 24*r + 41*r = 21*r. Calculate j(r).
-6
Let y be (30/(-24) - 13/(-4)) + 5. Let p be 3*1/(-2)*-2. Let d(s) = 2*s + p - 4 + s - 2. Determine d(y).
18
Let f(l) = -l**2 + 4*l + 41. Suppose 14*c - 20 + 71 = -19. Determine f(c).
-4
Let k(t) = t**2 + 1. Suppose -3*b - 2*b + 21 = 3*x, -3*x + 21 = 2*b. Let z be (33/165)/(1/15). Suppose -z*i - 16 + x = 0. Determine k(i).
10
Let q(r) be the second derivative of 0*r**3 + 1/6*r**4 - 2*r**2 + 0 + 97*r. Calculate q(-3).
14
Suppose w - 25 = 104. Let g = 132 - w. Let z(t) = 0*t - 730*t**2 - 3 + 728*t**2 - g*t. Determine z(-2).
-5
Let p(w) = 0*w + 3*w - 1 - 4*w + w**2. Let f(v) = -3 + 428*v - 226*v - 207*v + 26*v**2. Let c(a) = -f(a) + 4*p(a). What is c(1)?
-22
Let v(u) be the first derivative of -5/2*u**2 + 1/4*u**4 + 0*u + u**3 - 203. Give v(-4).
4
Let r(a) = 2*a**2 + 55*a + 35. Let h be r(-27). Suppose 3*s + 4 = j + 8, 0 = 4*j - h. Let t(p) = -5*p + 2*p - 1 + 0. Give t(s).
-7
Let w be (5/(-10))/((-46)/(-24) - 2). Suppose 25 = 5*f - 4*g, w*f = 11*f - g - 25. Let p(i) = 5*i + 3. Give p(f).
28
Let x(q) = -q + 4 + q**2 + 1 - 4 - q. Let w be ((472/6)/4)/((-9)/(-27)). Let r = w - 55. Determine x(r).
9
Let r(v) = 2*v**2 + 9*v - 16. Suppose -9*k + 27 = 50*h - 54*h, 4*k - 12 = -3*h. Determine r(k).
29
Let t = -2 + 8. Let y(n) = n**3 + 4*n**2 - n - 2. Let u be y(-4). Let s be (3 - 4)/u*t*-1. Let k(a) = a - 2. Give k(s).
1
Let c = -24 + 38. Let z(y) = -2*y**3 + 29*y**2 - 13*y - 7. Let x be z(c). Let a(s) = -15*s + x + s**2 - 4*s + 10*s. What is a(8)?
-1
Let l(u) = 6*u**2 - 13*u + 14. Let p(k) = 4*k**3 + 19*k**2 + 32*k + 84. Let b be p(-4). What is l(b)?
58
Let q(p) = 6*p - p + p - p**2 + 5 + p**3 - 2*p**3. Suppose 3 = -35*m + 34*m. Give q(m).
5
Let r(j) = 12*j + 286. Let u be (80/6 + -3 + -1)*126/(-49). Give r(u).
-2
Let h be 8 + 0 - (134 + 10)/12. Let s(n) = n**3 + 4*n**2 + 19. Determine s(h).
19
Let w(p) be the second derivative of p**4/12 - 5*p**3/3 - 7*p**2/2 + 2*p - 844. Let m be (1 + -3)/2 + 12. Give w(m).
4
Let y be -7 - (2 + -3)/(10 - 11). Let q be 1 + 2 - y*(-42)/112. Let l(m) = -m**2 - 2*m. Give l(q).
0
Let d(t) = -2*t**2 + t + 5. Suppose 17*c - 79*c + 310 = 0. Suppose -c*i = 4*f - 24, 3*i + 19*f = 16*f + 15. Calculate d(i).
-23
Suppose -3*c + 5*a - 154 = 0, -153 = 4*c - 3*a + 56. Let v = c + 50. Let o be (-4)/(v/3) - -1. Let b(l) = -l**2 + 8*l - 5. Determine b(o).
10
Let x be (2 - 1)/((-3)/72*-6). Let o be (-1)/(-4) - 1/x. Suppose 0*d - d = b + 10, o = 4*b + 5*d + 45. Let h(v) = v**3 + 6*v**2 + v - 7. What is h(b)?
13
Let s(f) be the first derivative of 2 + 0*f - 11/2*f**2. Let i = 27257 + -27255. Determine s(i).
-22
Let o(z) = 2*z**2 + z + 2. Let l(d) = 7*d**2 + 8*d + 11. Let s(x) = -l(x) + 6*o(x). Let w be ((2/1)/1)/2. Give s(w).
4
Let u(p) = p - 14. Let r(o) = 22*o + 15. Let g(j) = -r(j) - 4*u(j). Calculate g(3).
-37
Let f(d) = 43*d**2 - 14*d - 43. Let v(n) = -9*n**2 - n + 2. Let l(y) = -f(y) - 5*v(y). Determine l(-8).
9
Let p(o) = -7*o**3 - 2*o - 9. Let x(y) = -15*y**3 - 4*y - 19. Let r(h) = 13*p(h) - 6*x(h). Let z be r(0). Let l(m) = 2*m - 1. Determine l(z).
-7
Let t(x) be the second derivative of -2/3*x**4 + 1/20*x**5 + 1/2*x**2 + 26*x + 2 - 7/6*x**3. Determine t(9).
19
Let t(w) be the first derivative of 5 - 3 + 6*w**2 + 6. Let r be 12/18 - 2/(-6). Determine t(r).
12
Let x = 6 - 3. Suppose -u = m - 9, 3*u + 72 - 109 = -5*m. Let l(j) = -4*j**3 + 1 - j**x + u*j**3. Calculate l(0).
1
Suppose 48 = 19*h + 2*h - 57. Let i(f) = -f**3 + 7*f**2 + 3*f - 7. Give i(h).
58
Let y(r) be the third derivative of 5*r**4/24 + 41*r**3/2 - 794*r**2. Give y(-19).
28
Suppose -16*k = -29*k - 52. Let q be 26 + -24 - k/(-2). Let w(r) be the first derivative of -r**4/4 - r**2/2 + 7*r + 2. What is w(q)?
7
Let f(o) = o**3 + 7*o**2 - 8*o + 5. Suppose 2*c - 4*x = -4, -4*c + 3*x - 38 = 5*x. Let h be f(c). Suppose h*u = 8 - 33. Let v(z) = -z**2 - 6*z - 7. Give v(u).
-2
Let s be -4*7/14*-5. Let w(x) = -5*x**3 - 25*x**2 - 18*x - 22. Let c(h) = -2*h**3 - 12*h**2 - 9*h - 11. Let z(q) = 7*c(q) - 3*w(q). Calculate z(s).
-1
Let f(n) be the first derivative of 1/3*n**3 + 2*n - 3*n**2 - 93. Calculate f(6).
2
Let n(k) = 4*k - 1. Let s be n(-1). Let r(o) be the second derivative of -o**4/12 - 5*o**3/6 + 2*o**2 + 3516*o. Give r(s).
4
Let c(y) = y**2 - 4*y - 4. Let q be c(5). Let z(m) = -9*m - 2 + 0 + 8*m - 1 + 10*m. Give z(q).
6
Let q(g) be the third derivative of -g**4/8 - 5*g**3/2 + 16*g**2 - 484. Suppose 6*u + 12 = 3*u. Determine q(u).
-3
Let r(q) be the second derivative of q**5/10 - 5*q**4/12 - q**3/2 + 5*q**2 - 50*q. Let l(w) = -w**3 - w**2 - 1. Let c(t) = -3*l(t) - r(t)